{"id":1203,"date":"2024-08-12T12:24:48","date_gmt":"2024-08-12T11:24:48","guid":{"rendered":"https:\/\/www.abstqr-giessen.de\/?page_id=1203"},"modified":"2025-10-31T11:08:25","modified_gmt":"2025-10-31T10:08:25","slug":"wintersemester-2024-2025","status":"publish","type":"page","link":"https:\/\/www.abstqr-giessen.de\/?page_id=1203","title":{"rendered":"Wintersemester 2024\/25"},"content":{"rendered":"\n<p>Wie immer gilt: Alle diejenigen unter euch die sich selbst als queer verstehen oder sich fragen ob sie queer sein k\u00f6nnten, sind ganz herzlich eingeladen. Wenn ihr weitere Ideen und W\u00fcnsche habt, meldet euch einfach bei uns und\/ oder kommt ins Plenum, dann gehen wir gerne darauf ein.<\/p>\n\n\n\n<p><strong>Termine in den Fr\u00fchlings-Semesterferien 2025: <\/strong><\/p>\n\n\n\n<ul class=\"wp-block-list\">\n<li>Donnerstag, 6.3.2025, 18 Uhr: Vollversammlung zur Wahl der Referentis im Sommersemester. Bitte bringt euren aktuellen Studiausweis mit, da leider nur Eingeschriebene an der JLU wahlberechtigt sind<\/li>\n\n\n\n<li>Samstag, 8.3.2025: Feministischer Kampftag. Wir werden neben vielen Anderen auf dem Stra\u00dfenfest vertreten sein, es gibt im Anschluss eine Demo und eine Party. <\/li>\n\n\n\n<li>Einen Termin f\u00fcr ein offenes Plenum zur Planung des Sommerprogramms findet ihr demn\u00e4chst hier!<\/li>\n<\/ul>\n\n\n\n<p><\/p>\n\n\n\n<p><strong>Vergangene Termine<\/strong><\/p>\n\n\n\n<p><strong>Termine in den Herbst-Semesterferien<\/strong> <strong>2024<\/strong><\/p>\n\n\n\n<ul class=\"wp-block-list\">\n<li>Montag, 9. September, 18 Uhr: Plenum<\/li>\n\n\n\n<li>Dienstag, 8. Oktober., 17 Uhr: Treffen in der <a href=\"https:\/\/www.stwgi.de\/mensa-obs\" data-type=\"link\" data-id=\"https:\/\/www.stwgi.de\/mensa-obs\">Abendmensa<\/a> und optional gemeinsamer Spaziergang zu unserem Referatsraum<\/li>\n<\/ul>\n\n\n\n<p><strong>Regelm\u00e4\u00dfige Termine<\/strong><\/p>\n\n\n\n<p>Am Montag, den 28. Oktober, treffen wir uns mittags in der <strong>Mensa<\/strong>. Ab der dritten Vorlesungswoche (KW 46) treffen wir uns dann regelm\u00e4\u00dfig Montag Mittag ab 13 Uhr in der <a href=\"https:\/\/www.stwgi.de\/mensa-obs\">Mensa OBS<\/a>. <\/p>\n\n\n\n<p><strong>Sprechstunde\/ Bibliothek<\/strong>: Am 10. Oktober (Donnerstag der Einf\u00fchrungswoche) und dann regelm\u00e4\u00dfig ab dem 7. November (vierte Vorlesungswoche) ist jeden Donnerstag ab ca. 16 Uhr jemand von uns im Referatsraum in der Goethestr. 55. Ihr k\u00f6nnt in unserem B\u00fccherregal st\u00f6bern, B\u00fccher oder Filme ausleihen, in der Sofaecke chillen oder uns ganz konkrete Fragen stellen wenn ihr Bedarf an Unterst\u00fctzung oder Beratung zum queeren Uni-Alltag habt. Falls ihr deutlich sp\u00e4ter dazusto\u00dfen m\u00f6chtet, gebt uns bitte sicherheitshalber vorher Bescheid, damit wir auf euch warten.<\/p>\n\n\n\n<p><em>Am <strong>31.10. <\/strong>(Halloween) gibt es eine <strong>Sprechstunde auf Anfrage<\/strong>. Bei dringendem Gespr\u00e4chsbedarf meldet euch gerne bis Mittwoch den 30.10. per Email\/ Instagram\/ Facebook, dann kommt jemand von uns!<\/em><\/p>\n\n\n\n<p><strong>Einzeltermine in der Vorlesungszeit<\/strong><\/p>\n\n\n\n<ul class=\"wp-block-list\">\n<li>Donnerstag, 7. November, 18 Uhr: Plenum, im Anschluss Queer Tea Time<\/li>\n\n\n\n<li>Donnerstag, 21. November, 18 Uhr: Filmabend <\/li>\n\n\n\n<li>Donnerstag, 5. Dezember, 18 Uhr: Ugly Christmas Sweater &#8211; Queer Edition<\/li>\n\n\n\n<li><s>Donnerstag, 12. Dezember, 18 Uhr: Treffen vor dem Uni-Hauptgeb\u00e4ude und gemeinsame Runde \u00fcber den Weihnachtsmarkt<\/s> <strong><em>Entf\u00e4llt!<\/em><\/strong><\/li>\n\n\n\n<li><strong>NEU: <\/strong>Freitag, 13. Dezember, 18 Uhr: Ugly Christmas Sweater &#8211; Queer Edition 2<\/li>\n\n\n\n<li>Donnerstag, 19. Dezember, 18 Uhr: Plenum, im Anschluss Queer Tea Time mit Schrottwichteln <\/li>\n\n\n\n<li>Donnerstag, 16. Januar, 18 Uhr: Filmabend<\/li>\n\n\n\n<li>Donnerstag, 30. Januar, 18 Uhr: Plenum, im Anschluss Queer Tea Time<\/li>\n<\/ul>\n\n\n\n<p><strong>Raum und Barrieren<\/strong><\/p>\n\n\n\n<p>Wenn nicht anders angegeben, finden die Veranstaltungen bei uns im Referatsraum in der Goethestr. 55 statt (Haus hinter dem Uni-Hauptgeb\u00e4ude am Mitarbeiterparkplatz). Unser Raum befindet sich im Erdgeschoss und hat eine gro\u00dfe Regenbogenflagge am Fenster, dort k\u00f6nnt ihr klopfen falls die T\u00fcr zugefallen ist, ihr den Weg nicht findet o.\u00e4. Der Raum ist durch die linke lila T\u00fcr in der N\u00e4he des Parkscheinautomaten zug\u00e4nglich. <\/p>\n\n\n\n<p>Am Eingang sind leider 2 Stufen zu \u00fcberwinden &#8211; wir haben nun eine mobile Rampe daf\u00fcr, konnten diese in der Praxis aber noch nicht testen. Nutzt sie daher bitte vorsichtig. Wenn ihr Hilfe ben\u00f6tigt oder mit dem Auto kommt, meldet euch bitte bei uns. <\/p>\n\n\n\n<p>Auf demselben Stockwerk befindet sich eine barrierearme Unisex-Toilette. <\/p>\n\n\n\n<p>In unserem Raum stehen Stim-\/Fidget-Toys und Geh\u00f6rschutz zur Verf\u00fcgung.<\/p>\n","protected":false},"excerpt":{"rendered":"<p>Wie immer gilt: Alle diejenigen unter euch die sich selbst als queer verstehen oder sich fragen ob sie queer sein k\u00f6nnten, sind ganz herzlich eingeladen. Wenn ihr weitere Ideen und W\u00fcnsche habt, meldet euch einfach bei uns und\/ oder kommt ins Plenum, dann gehen wir gerne darauf ein. Termine in den Fr\u00fchlings-Semesterferien 2025: Vergangene Termine [&hellip;]<\/p>\n","protected":false},"author":6,"featured_media":0,"parent":11,"menu_order":-25,"comment_status":"closed","ping_status":"closed","template":"","meta":{"footnotes":""},"class_list":["post-1203","page","type-page","status-publish","hentry"],"_links":{"self":[{"href":"https:\/\/www.abstqr-giessen.de\/index.php?rest_route=\/wp\/v2\/pages\/1203","targetHints":{"allow":["GET"]}}],"collection":[{"href":"https:\/\/www.abstqr-giessen.de\/index.php?rest_route=\/wp\/v2\/pages"}],"about":[{"href":"https:\/\/www.abstqr-giessen.de\/index.php?rest_route=\/wp\/v2\/types\/page"}],"author":[{"embeddable":true,"href":"https:\/\/www.abstqr-giessen.de\/index.php?rest_route=\/wp\/v2\/users\/6"}],"replies":[{"embeddable":true,"href":"https:\/\/www.abstqr-giessen.de\/index.php?rest_route=%2Fwp%2Fv2%2Fcomments&post=1203"}],"version-history":[{"count":11,"href":"https:\/\/www.abstqr-giessen.de\/index.php?rest_route=\/wp\/v2\/pages\/1203\/revisions"}],"predecessor-version":[{"id":1287,"href":"https:\/\/www.abstqr-giessen.de\/index.php?rest_route=\/wp\/v2\/pages\/1203\/revisions\/1287"}],"up":[{"embeddable":true,"href":"https:\/\/www.abstqr-giessen.de\/index.php?rest_route=\/wp\/v2\/pages\/11"}],"wp:attachment":[{"href":"https:\/\/www.abstqr-giessen.de\/index.php?rest_route=%2Fwp%2Fv2%2Fmedia&parent=1203"}],"curies":[{"name":"wp","href":"https:\/\/api.w.org\/{rel}","templated":true}]}}

<p>Wie immer gilt: Alle diejenigen unter euch die sich selbst als queer verstehen oder sich fragen ob sie queer sein könnten, sind ganz herzlich eingeladen. Wenn ihr weitere Ideen und Wünsche habt, meldet euch einfach bei uns und/ oder kommt ins Plenum, dann gehen wir gerne darauf ein.</p>



<p><strong>Termine in den Frühlings-Semesterferien 2025: </strong></p>



<ul class="wp-block-list">
<li>Donnerstag, 6.3.2025, 18 Uhr: Vollversammlung zur Wahl der Referentis im Sommersemester. Bitte bringt euren aktuellen Studiausweis mit, da leider nur Eingeschriebene an der JLU wahlberechtigt sind</li>



<li>Samstag, 8.3.2025: Feministischer Kampftag. Wir werden neben vielen Anderen auf dem Straßenfest vertreten sein, es gibt im Anschluss eine Demo und eine Party. </li>



<li>Einen Termin für ein offenes Plenum zur Planung des Sommerprogramms findet ihr demnächst hier!</li>
</ul>



<p></p>



<p><strong>Vergangene Termine</strong></p>



<p><strong>Termine in den Herbst-Semesterferien</strong> <strong>2024</strong></p>



<ul class="wp-block-list">
<li>Montag, 9. September, 18 Uhr: Plenum</li>



<li>Dienstag, 8. Oktober., 17 Uhr: Treffen in der <a href="https://www.stwgi.de/mensa-obs" data-type="link" data-id="https://www.stwgi.de/mensa-obs">Abendmensa</a> und optional gemeinsamer Spaziergang zu unserem Referatsraum</li>
</ul>



<p><strong>Regelmäßige Termine</strong></p>



<p>Am Montag, den 28. Oktober, treffen wir uns mittags in der <strong>Mensa</strong>. Ab der dritten Vorlesungswoche (KW 46) treffen wir uns dann regelmäßig Montag Mittag ab 13 Uhr in der <a href="https://www.stwgi.de/mensa-obs">Mensa OBS</a>. </p>



<p><strong>Sprechstunde/ Bibliothek</strong>: Am 10. Oktober (Donnerstag der Einführungswoche) und dann regelmäßig ab dem 7. November (vierte Vorlesungswoche) ist jeden Donnerstag ab ca. 16 Uhr jemand von uns im Referatsraum in der Goethestr. 55. Ihr könnt in unserem Bücherregal stöbern, Bücher oder Filme ausleihen, in der Sofaecke chillen oder uns ganz konkrete Fragen stellen wenn ihr Bedarf an Unterstützung oder Beratung zum queeren Uni-Alltag habt. Falls ihr deutlich später dazustoßen möchtet, gebt uns bitte sicherheitshalber vorher Bescheid, damit wir auf euch warten.</p>



<p><em>Am <strong>31.10. </strong>(Halloween) gibt es eine <strong>Sprechstunde auf Anfrage</strong>. Bei dringendem Gesprächsbedarf meldet euch gerne bis Mittwoch den 30.10. per Email/ Instagram/ Facebook, dann kommt jemand von uns!</em></p>



<p><strong>Einzeltermine in der Vorlesungszeit</strong></p>



<ul class="wp-block-list">
<li>Donnerstag, 7. November, 18 Uhr: Plenum, im Anschluss Queer Tea Time</li>



<li>Donnerstag, 21. November, 18 Uhr: Filmabend </li>



<li>Donnerstag, 5. Dezember, 18 Uhr: Ugly Christmas Sweater &#8211; Queer Edition</li>



<li><s>Donnerstag, 12. Dezember, 18 Uhr: Treffen vor dem Uni-Hauptgebäude und gemeinsame Runde über den Weihnachtsmarkt</s> <strong><em>Entfällt!</em></strong></li>



<li><strong>NEU: </strong>Freitag, 13. Dezember, 18 Uhr: Ugly Christmas Sweater &#8211; Queer Edition 2</li>



<li>Donnerstag, 19. Dezember, 18 Uhr: Plenum, im Anschluss Queer Tea Time mit Schrottwichteln </li>



<li>Donnerstag, 16. Januar, 18 Uhr: Filmabend</li>



<li>Donnerstag, 30. Januar, 18 Uhr: Plenum, im Anschluss Queer Tea Time</li>
</ul>



<p><strong>Raum und Barrieren</strong></p>



<p>Wenn nicht anders angegeben, finden die Veranstaltungen bei uns im Referatsraum in der Goethestr. 55 statt (Haus hinter dem Uni-Hauptgebäude am Mitarbeiterparkplatz). Unser Raum befindet sich im Erdgeschoss und hat eine große Regenbogenflagge am Fenster, dort könnt ihr klopfen falls die Tür zugefallen ist, ihr den Weg nicht findet o.ä. Der Raum ist durch die linke lila Tür in der Nähe des Parkscheinautomaten zugänglich. </p>



<p>Am Eingang sind leider 2 Stufen zu überwinden &#8211; wir haben nun eine mobile Rampe dafür, konnten diese in der Praxis aber noch nicht testen. Nutzt sie daher bitte vorsichtig. Wenn ihr Hilfe benötigt oder mit dem Auto kommt, meldet euch bitte bei uns. </p>



<p>Auf demselben Stockwerk befindet sich eine barrierearme Unisex-Toilette. </p>



<p>In unserem Raum stehen Stim-/Fidget-Toys und Gehörschutz zur Verfügung.</p>

<p>Wie immer gilt: Alle diejenigen unter euch die sich selbst als queer verstehen oder sich fragen ob sie queer sein könnten, sind ganz herzlich eingeladen. Wenn ihr weitere Ideen und Wünsche habt, meldet euch einfach bei uns und/ oder kommt ins Plenum, dann gehen wir gerne darauf ein. Termine in den Frühlings-Semesterferien 2025: Vergangene Termine [&hellip;]</p>
