{"id":1343,"date":"2025-10-31T11:01:26","date_gmt":"2025-10-31T10:01:26","guid":{"rendered":"https:\/\/www.abstqr-giessen.de\/?page_id=1343"},"modified":"2025-11-28T09:53:44","modified_gmt":"2025-11-28T08:53:44","slug":"wintersemester-2025-26","status":"publish","type":"page","link":"https:\/\/www.abstqr-giessen.de\/?page_id=1343","title":{"rendered":"Wintersemester 2025\/26"},"content":{"rendered":"\n<p>Endlich \u2013 die Termine f\u00fcr die Zeit bis zum Ende der Weihnachtsferien sind entschieden!<\/p>\n\n\n\n<p>\u2013 Mo, 10. November 18:30 <strong>Trans*Masc-Treff<\/strong>: Ein Safer Space f\u00fcr trans*M\u00e4nner, Demiboys, nichtbin\u00e4re, agender und inter* Menschen, die sich im weitesten Sinne als transmaskulin verstehen oder sich fragen, ob sie vielleicht transmaskulin sind. Erfahrungsaustausch zu Selbst- und Namensfindung, Binding &amp; Packing, OPs und Hormonen, der Frage ob das alles \u00fcberhaupt etwas f\u00fcr einen ist oder nicht\u2026 aber auch ein Raum zum Empowern, Unterhalten und Chillen, in dem wir einfach wir selbst sein k\u00f6nnen. Weitere Termine werden beim Treffen festgelegt. Wenn Du montags grunds\u00e4tzlich nicht kannst aber teilnehmen m\u00f6chtest, schreib eine <a href=\"https:\/\/www.abstqr-giessen.de\/?page_id=16\">Email ans AB*ST*QR<\/a>.<\/p>\n\n\n\n<p>\u2013 Fr. 21. November 18:30 Uhr <strong>Potluck<\/strong>: Bringt ein leckeres Essen mit, das man gut teilen kann! Wir machen ein Buffet f\u00fcr alle. Bitte kennzeichnet Allergene (Weizen etc.) und verwendet beim Kochen m\u00f6glichst keinen Alkohol. Grunds\u00e4tzlich k\u00f6nnt ihr alles mitbringen was euch schmeckt \u2013 vegetarische und vegane Gerichte kommen erfahrungsgem\u00e4\u00df besonders gut an.<\/p>\n\n\n\n<p>\u2013 Sa, 29. November, 11-18 Uhr: <strong>AB*ST*QR beim Markt der Demokratie im Museum f\u00fcr Gie\u00dfen<\/strong>: Im Museum k\u00f6nnt ihr eine Person von uns antreffen und Tee, Kekse und Informationen dar\u00fcber bekommen, wer wir sind und was wir so machen. Wenn ihr an dem Wochenende mit einer anderen wichtigen Aktion besch\u00e4ftigt sein solltet, k\u00f6nnt ihr uns nat\u00fcrlich auch anders kennenlernen: informiert euch hier auf der Website, auf Social Media, schreibt uns bei Fragen an oder kommt wenn ihr queer seid direkt zu einem unserer anderen Treffen!<\/p>\n\n\n\n<p>\u2013 ab dem 1.12. immer montags 13 Uhr <strong>Mensa-Treff<\/strong>: Beginnend im Dezember gehen wir montags um 13 Uhr zusammen in die Mensa OBS. Ihr trefft uns am Eingang der Mensa, dann gehen wir zusammen rein.<\/p>\n\n\n\n<p>\u2013 Di, 2. Dezember <strong>Ga(y)mes Night<\/strong>, ab 16 Uhr: Bringt eure liebsten Brett- oder Kartenspiele mit oder lasst euch \u00fcberraschen was da ist. Wenn 16 Uhr zu fr\u00fch ist, k\u00f6nnt ihr nat\u00fcrlich auch sp\u00e4ter noch dazusto\u00dfen.<\/p>\n\n\n\n<p>\u2013 Mo, 8. Dezember ab 16 Uhr: <strong>Theos B\u00fccherrunde<\/strong>: Theo begeistert uns f\u00fcr Lieblingsb\u00fccher mit queeren Charakteren! Ihr k\u00f6nnt auch gern eigene Lieblingsb\u00fccher mitbringen.<\/p>\n\n\n\n<p>\u2013 Di, 9. Dezember: <strong>Trans*Fem-Treff <\/strong>\u2013 ab 17 Uhr: Ein Safer Space f\u00fcr alle trans*femininen Personen zum gemeinsamen Erfahrungsaustausch und Empowern. Demigirls, agender, nichtbin\u00e4re und inter* Personen sowie solche, die ihre eigene Trans*femininit\u00e4t erst noch entdecken und erkunden, sind willkommen. <em>Hinweis: Wir sind nicht tinder! Wenn ihr jemanden zum daten sucht und selbst nicht transfeminin seid, seid ihr hier falsch!!<\/em><\/p>\n\n\n\n<p>\u2013 Fr, 12. Dezember, <strong>Wahl-Vollversammlung<\/strong>, ab 18 Uhr: Wenn ihr an der JLU eingeschrieben seid, ist das eure Chance die Zukunft des AB*ST*QR mitzugestalten: Bringt euren aktualisierten Studi-Ausweis mit und stimmt mit ab, wer das AB*ST*QR im AStA vertreten soll (Die Studi-Ausweise werden immer von einer trans* Person kontrolliert, die eventuell darauf vorhandene Deadnames und alte Fotos schnell wieder vergisst!). Wenn ihr zum ersten Mal dabei seid, keine Sorge &#8211; die Kandidat*innen stellen sich noch mal pers\u00f6nlich vor. Wenn ihr selbst kandidieren m\u00f6chtet ist das m\u00f6glich, sagt uns dazu aber bitte sp\u00e4testens eine Woche vorher Bescheid! <\/p>\n\n\n\n<p>\u2013 Sa, 13. Dezember, <strong>Ugly Christmas Sweater<\/strong>, ab 15 Uhr: Bringt einen Pulli oder ein anderes Kleidungsst\u00fcck mit und lasst uns mit Textilfarben und Schablonen kreativ werden! Gestaltet euch ein empowerndes Pride Outfit um diese Zeit zwischen heteronormativen Weihnachtsfilmen, \u00fcbergriffigen Fragen beim Familiendinner und bin\u00e4r gegenderter Geschenkewerbung m\u00f6glichst gut zu \u00fcberstehen. Das Treffen ist offen f\u00fcr alle Menschen die sich als queer verstehen.<\/p>\n\n\n\n<p>\u2013 Di, 16. Dezember, <strong>A-Spec-Treffen<\/strong>, 18 Uhr: Ein Treffen f\u00fcr alle Menschen auf dem asexuellen und\/oder aromantischen Spektrum. Demi-, Gray-, und Microlabels willkommen! Auch wenn ihr euch fragt, ob ihr ace oder aro seid, seid ihr herzlich willkommen.<\/p>\n\n\n\n<p>\u2013 Fr. 9. Januar: <strong>Polya-Runde<\/strong>, 17 Uhr: Nach langer Zeit endlich zur\u00fcck: ein Austauschraum rund um Polyamorie. Egal ob du schon lange in nicht-monogamen Beziehungsformen lebst, gerade erst merkst dass du mehr als eine Person gleichzeitig lieben kannst, dein Crush polya ist und du Polyamorie eine Chance geben m\u00f6chtest \u2013 alle polya und polya-questioning Menschen sind willkommen. <em>Disclaimer: Hier geht es um Beziehungsformen, nicht um s*xuelle Praktiken! Bitte kommt nicht mit voyeuristischen Absichten, sondern zum wertsch\u00e4tzendem Austausch und zur Selbstfindung.<\/em><\/p>\n\n\n\n<p><strong>Und wie geht\u2019s 2026 weiter?<\/strong><\/p>\n\n\n\n<p>Termine ab Mitte Januar legen wir nach der n\u00e4chsten Wahl-VV mit den neuen <a href=\"https:\/\/www.abstqr-giessen.de\/?page_id=14\">Referentis<\/a> fest. Geplant sind u.a. Plena, Filmabende, Kreativtreffen wie Anh\u00e4nger\/Armb\u00e4nder\/Buttons Basteln oder Zines gestalten, Queer Tea Time, Meditation und ein Workshop zu Datensicherheit\/ Privatsph\u00e4re\/ De-Platforming\/ Ungoogling f\u00fcr Queers. Habt ihr weitere Ideen &amp; W\u00fcnsche? Dann schreibt uns gern eine <a href=\"https:\/\/www.abstqr-giessen.de\/?page_id=16\">Email<\/a> oder kommt vorbei und sprecht uns an!<\/p>\n\n\n\n<p><\/p>\n","protected":false},"excerpt":{"rendered":"<p>Endlich \u2013 die Termine f\u00fcr die Zeit bis zum Ende der Weihnachtsferien sind entschieden! \u2013 Mo, 10. November 18:30 Trans*Masc-Treff: Ein Safer Space f\u00fcr trans*M\u00e4nner, Demiboys, nichtbin\u00e4re, agender und inter* Menschen, die sich im weitesten Sinne als transmaskulin verstehen oder sich fragen, ob sie vielleicht transmaskulin sind. Erfahrungsaustausch zu Selbst- und Namensfindung, Binding &amp; Packing, [&hellip;]<\/p>\n","protected":false},"author":6,"featured_media":0,"parent":11,"menu_order":-26,"comment_status":"closed","ping_status":"closed","template":"","meta":{"footnotes":""},"class_list":["post-1343","page","type-page","status-publish","hentry"],"_links":{"self":[{"href":"https:\/\/www.abstqr-giessen.de\/index.php?rest_route=\/wp\/v2\/pages\/1343","targetHints":{"allow":["GET"]}}],"collection":[{"href":"https:\/\/www.abstqr-giessen.de\/index.php?rest_route=\/wp\/v2\/pages"}],"about":[{"href":"https:\/\/www.abstqr-giessen.de\/index.php?rest_route=\/wp\/v2\/types\/page"}],"author":[{"embeddable":true,"href":"https:\/\/www.abstqr-giessen.de\/index.php?rest_route=\/wp\/v2\/users\/6"}],"replies":[{"embeddable":true,"href":"https:\/\/www.abstqr-giessen.de\/index.php?rest_route=%2Fwp%2Fv2%2Fcomments&post=1343"}],"version-history":[{"count":9,"href":"https:\/\/www.abstqr-giessen.de\/index.php?rest_route=\/wp\/v2\/pages\/1343\/revisions"}],"predecessor-version":[{"id":1390,"href":"https:\/\/www.abstqr-giessen.de\/index.php?rest_route=\/wp\/v2\/pages\/1343\/revisions\/1390"}],"up":[{"embeddable":true,"href":"https:\/\/www.abstqr-giessen.de\/index.php?rest_route=\/wp\/v2\/pages\/11"}],"wp:attachment":[{"href":"https:\/\/www.abstqr-giessen.de\/index.php?rest_route=%2Fwp%2Fv2%2Fmedia&parent=1343"}],"curies":[{"name":"wp","href":"https:\/\/api.w.org\/{rel}","templated":true}]}}

<p>Endlich – die Termine für die Zeit bis zum Ende der Weihnachtsferien sind entschieden!</p>



<p>– Mo, 10. November 18:30 <strong>Trans*Masc-Treff</strong>: Ein Safer Space für trans*Männer, Demiboys, nichtbinäre, agender und inter* Menschen, die sich im weitesten Sinne als transmaskulin verstehen oder sich fragen, ob sie vielleicht transmaskulin sind. Erfahrungsaustausch zu Selbst- und Namensfindung, Binding &amp; Packing, OPs und Hormonen, der Frage ob das alles überhaupt etwas für einen ist oder nicht… aber auch ein Raum zum Empowern, Unterhalten und Chillen, in dem wir einfach wir selbst sein können. Weitere Termine werden beim Treffen festgelegt. Wenn Du montags grundsätzlich nicht kannst aber teilnehmen möchtest, schreib eine <a href="https://www.abstqr-giessen.de/?page_id=16">Email ans AB*ST*QR</a>.</p>



<p>– Fr. 21. November 18:30 Uhr <strong>Potluck</strong>: Bringt ein leckeres Essen mit, das man gut teilen kann! Wir machen ein Buffet für alle. Bitte kennzeichnet Allergene (Weizen etc.) und verwendet beim Kochen möglichst keinen Alkohol. Grundsätzlich könnt ihr alles mitbringen was euch schmeckt – vegetarische und vegane Gerichte kommen erfahrungsgemäß besonders gut an.</p>



<p>– Sa, 29. November, 11-18 Uhr: <strong>AB*ST*QR beim Markt der Demokratie im Museum für Gießen</strong>: Im Museum könnt ihr eine Person von uns antreffen und Tee, Kekse und Informationen darüber bekommen, wer wir sind und was wir so machen. Wenn ihr an dem Wochenende mit einer anderen wichtigen Aktion beschäftigt sein solltet, könnt ihr uns natürlich auch anders kennenlernen: informiert euch hier auf der Website, auf Social Media, schreibt uns bei Fragen an oder kommt wenn ihr queer seid direkt zu einem unserer anderen Treffen!</p>



<p>– ab dem 1.12. immer montags 13 Uhr <strong>Mensa-Treff</strong>: Beginnend im Dezember gehen wir montags um 13 Uhr zusammen in die Mensa OBS. Ihr trefft uns am Eingang der Mensa, dann gehen wir zusammen rein.</p>



<p>– Di, 2. Dezember <strong>Ga(y)mes Night</strong>, ab 16 Uhr: Bringt eure liebsten Brett- oder Kartenspiele mit oder lasst euch überraschen was da ist. Wenn 16 Uhr zu früh ist, könnt ihr natürlich auch später noch dazustoßen.</p>



<p>– Mo, 8. Dezember ab 16 Uhr: <strong>Theos Bücherrunde</strong>: Theo begeistert uns für Lieblingsbücher mit queeren Charakteren! Ihr könnt auch gern eigene Lieblingsbücher mitbringen.</p>



<p>– Di, 9. Dezember: <strong>Trans*Fem-Treff </strong>– ab 17 Uhr: Ein Safer Space für alle trans*femininen Personen zum gemeinsamen Erfahrungsaustausch und Empowern. Demigirls, agender, nichtbinäre und inter* Personen sowie solche, die ihre eigene Trans*femininität erst noch entdecken und erkunden, sind willkommen. <em>Hinweis: Wir sind nicht tinder! Wenn ihr jemanden zum daten sucht und selbst nicht transfeminin seid, seid ihr hier falsch!!</em></p>



<p>– Fr, 12. Dezember, <strong>Wahl-Vollversammlung</strong>, ab 18 Uhr: Wenn ihr an der JLU eingeschrieben seid, ist das eure Chance die Zukunft des AB*ST*QR mitzugestalten: Bringt euren aktualisierten Studi-Ausweis mit und stimmt mit ab, wer das AB*ST*QR im AStA vertreten soll (Die Studi-Ausweise werden immer von einer trans* Person kontrolliert, die eventuell darauf vorhandene Deadnames und alte Fotos schnell wieder vergisst!). Wenn ihr zum ersten Mal dabei seid, keine Sorge &#8211; die Kandidat*innen stellen sich noch mal persönlich vor. Wenn ihr selbst kandidieren möchtet ist das möglich, sagt uns dazu aber bitte spätestens eine Woche vorher Bescheid! </p>



<p>– Sa, 13. Dezember, <strong>Ugly Christmas Sweater</strong>, ab 15 Uhr: Bringt einen Pulli oder ein anderes Kleidungsstück mit und lasst uns mit Textilfarben und Schablonen kreativ werden! Gestaltet euch ein empowerndes Pride Outfit um diese Zeit zwischen heteronormativen Weihnachtsfilmen, übergriffigen Fragen beim Familiendinner und binär gegenderter Geschenkewerbung möglichst gut zu überstehen. Das Treffen ist offen für alle Menschen die sich als queer verstehen.</p>



<p>– Di, 16. Dezember, <strong>A-Spec-Treffen</strong>, 18 Uhr: Ein Treffen für alle Menschen auf dem asexuellen und/oder aromantischen Spektrum. Demi-, Gray-, und Microlabels willkommen! Auch wenn ihr euch fragt, ob ihr ace oder aro seid, seid ihr herzlich willkommen.</p>



<p>– Fr. 9. Januar: <strong>Polya-Runde</strong>, 17 Uhr: Nach langer Zeit endlich zurück: ein Austauschraum rund um Polyamorie. Egal ob du schon lange in nicht-monogamen Beziehungsformen lebst, gerade erst merkst dass du mehr als eine Person gleichzeitig lieben kannst, dein Crush polya ist und du Polyamorie eine Chance geben möchtest – alle polya und polya-questioning Menschen sind willkommen. <em>Disclaimer: Hier geht es um Beziehungsformen, nicht um s*xuelle Praktiken! Bitte kommt nicht mit voyeuristischen Absichten, sondern zum wertschätzendem Austausch und zur Selbstfindung.</em></p>



<p><strong>Und wie geht’s 2026 weiter?</strong></p>



<p>Termine ab Mitte Januar legen wir nach der nächsten Wahl-VV mit den neuen <a href="https://www.abstqr-giessen.de/?page_id=14">Referentis</a> fest. Geplant sind u.a. Plena, Filmabende, Kreativtreffen wie Anhänger/Armbänder/Buttons Basteln oder Zines gestalten, Queer Tea Time, Meditation und ein Workshop zu Datensicherheit/ Privatsphäre/ De-Platforming/ Ungoogling für Queers. Habt ihr weitere Ideen &amp; Wünsche? Dann schreibt uns gern eine <a href="https://www.abstqr-giessen.de/?page_id=16">Email</a> oder kommt vorbei und sprecht uns an!</p>



<p></p>

<p>Endlich – die Termine für die Zeit bis zum Ende der Weihnachtsferien sind entschieden! – Mo, 10. November 18:30 Trans*Masc-Treff: Ein Safer Space für trans*Männer, Demiboys, nichtbinäre, agender und inter* Menschen, die sich im weitesten Sinne als transmaskulin verstehen oder sich fragen, ob sie vielleicht transmaskulin sind. Erfahrungsaustausch zu Selbst- und Namensfindung, Binding &amp; Packing, [&hellip;]</p>
