{"id":14,"date":"2012-12-14T15:11:53","date_gmt":"2012-12-14T13:11:53","guid":{"rendered":"http:\/\/www.schwulenreferat-gi.de\/schwulenreferat-gi.deBlog\/wordpress\/?page_id=14"},"modified":"2025-10-31T13:25:42","modified_gmt":"2025-10-31T12:25:42","slug":"uber-uns","status":"publish","type":"page","link":"https:\/\/www.abstqr-giessen.de\/?page_id=14","title":{"rendered":"\u00dcber das AB*ST*QR \/ FAQ"},"content":{"rendered":"\n<p class=\"has-large-font-size\"><strong>Aufgaben und Ziele des AB*ST*QR<\/strong><\/p>\n\n\n\n<p>Als <strong>Referat des <a href=\"http:\/\/www.asta-giessen.de\">AStA<\/a> <\/strong>der <a href=\"http:\/\/www.uni-giessen.de\">JLU<\/a> sind die gew\u00e4hlten AB*ST*QR-Referent*innen die Interessenvertretung der queeren Studierenden. Wir stehen als Ansprechpersonen zur Verf\u00fcgung wenn es darum geht, Diskriminierung aufgrund von Geschlechtsidentit\u00e4t oder sexueller Orientierung an der JLU abzubauen.<\/p>\n\n\n\n<p>Dar\u00fcber hinaus wollen wir einen <strong>sicheren Raum f\u00fcr queere Menschen<\/strong> bieten. Jede queere Person ist eingeladen, sich einzubringen: egal ob homo, bi oder pan, im aromantischen oder asexuellen Spektrum, trans*, nichtbin\u00e4r, inter* oder nicht ganz sicher was genau! Kommt zu unseren Veranstaltungen, bringt gerne eigene Ideen und Denkanst\u00f6\u00dfe mit.&nbsp;<\/p>\n\n\n\n<p>Wir m\u00f6chten besonders R\u00fccksicht nehmen auf Menschen, die neben ihrer Queerness <strong>intersektional <\/strong>von verschiedenen Diskriminierungen betroffen sind, z.B. von Rassismus oder Ableismus. Daher freuen wir uns \u00fcber eure Verbesserungsvorschl\u00e4ge in dieser Hinsicht.<\/p>\n\n\n\n<p>Gemeinsam wollen wir f\u00fcr Selbstbestimmung, Emanzipation und gegen diskriminierende Normen und Zust\u00e4nde aktiv werden.<\/p>\n\n\n\n<div class=\"\"><strong>Sprechstunde<\/strong><\/div>\n\n\n\n<p>Aktuell gibt es keine festen Sprechzeiten. <a href=\"https:\/\/www.abstqr-giessen.de\/?page_id=16\" data-type=\"page\" data-id=\"16\">Schreib uns<\/a> gerne, wenn Du Gespr\u00e4chsbedarf hast oder uns einfach kennenlernen m\u00f6chtest.<\/p>\n\n\n\n<div class=\"\">\n<div id=\"magicdomid28\" class=\"\"><span class=\"author-a-cttz73zgappcz87zfz86zz81zuz66za\">Wo:&nbsp; &nbsp;&nbsp; Goethestra\u00dfe 55 Gie\u00dfen, Eingang \u00fcber den Parkplatz hinter<\/span><\/div>\n<div class=\"\"><span class=\"author-a-cttz73zgappcz87zfz86zz81zuz66za\">&nbsp;&nbsp;&nbsp;&nbsp;&nbsp;&nbsp;&nbsp;&nbsp;&nbsp; &nbsp; dem Uni-Hauptgeb\u00e4ude<\/span><\/div>\n<div class=\"\">&nbsp;<\/div>\n<div class=\"\">&nbsp;<\/div>\n<\/div>\n\n\n\n<div class=\"\">\n<div class=\"\"><strong>Emailadresse<\/strong><\/div>\n<div class=\"\">kontakt@abstqr-giessen.de<\/div>\n<\/div>\n\n\n\n<div class=\"\">Wir sind bei Fragen f\u00fcr euch da und nehmen euch bei Interesse gerne in unserem Mailverteiler auf &#8211; schreibt uns einfach an!<\/div>\n\n\n\n<div class=\"\">&nbsp;<\/div>\n\n\n\n<div class=\"\"><strong>Soziale Medien<br><\/strong><\/div>\n\n\n\n<div class=\"\">\n<div>Hier findet ihr Veranstaltungshinweise, Einladungen zu Plena und weiteres:<\/div>\n<div><a href=\"https:\/\/www.instagram.com\/abstqr_giessen\/\">https:\/\/www.instagram.com\/abstqr_giessen\/<\/a><\/div>\n<div id=\"magicdomid34\" class=\"\"><span class=\"author-a-cttz73zgappcz87zfz86zz81zuz66za url\"><a href=\"https:\/\/www.facebook.com\/STQRGiessen\/\">https:\/\/www.facebook.com\/STQRGiessen\/<\/a><\/span><\/div>\n<div><a href=\"https:\/\/studip.uni-giessen.de\/\">Stud.IP<\/a> der JLU: Studiengruppe &#8222;AB*ST*QR&#8220;<\/div>\n<div>&nbsp;<\/div>\n<div>&nbsp;<\/div>\n<\/div>\n\n\n\n<p class=\"has-large-font-size\"><strong>FAQ<\/strong><\/p>\n\n\n\n<p><strong>Was genau ist das AB*ST*QR?&nbsp;<\/strong><\/p>\n\n\n\n<ul class=\"wp-block-list\">\n<li>AB*ST*QR steht f\u00fcr \u201c<strong>A<\/strong>utonomes <strong>B<\/strong>i*-<strong>S<\/strong>chwulen*-<strong>T<\/strong>rans*-<strong>Q<\/strong>ueer-<strong>R<\/strong>eferat\u201d&nbsp;<\/li>\n\n\n\n<li>Das AB*ST*QR besteht aus drei Teilen:\n<ul class=\"wp-block-list\">\n<li>(1) von queeren studierenden gew\u00e4hlte Vertreter*innen <strong>(Referentis)<\/strong><\/li>\n\n\n\n<li>(2) allen, die mitmachen m\u00f6chten <strong>(Plenum)<\/strong><\/li>\n\n\n\n<li>(3) einem sicheren Raum f\u00fcr queere Menschen und solche, die sich fragen ob sie queer sein k\u00f6nnten <strong>(Referatsraum\/ Safer Space)<\/strong><\/li>\n<\/ul>\n<\/li>\n<\/ul>\n\n\n\n<p><strong>In eurem Namen ist kein L. Habt ihr was gegen Lesben?<\/strong><\/p>\n\n\n\n<ul class=\"wp-block-list\">\n<li>Nein, wir haben nichts gegen Lesben! Das liegt daran, dass es im AStA der JLU zwei queere Referate mit unterschiedlicher Schwerpunktsetzung gibt: Neben dem AB*ST*QR, das aus dem ehemaligen Schwulenreferat hervorgegangen ist, gibt es auch das Queerfeministische Frauen||Referat (QFF||R), bei dem traditionell neben der allgemeinen Gleichstellung von Frauen auch lesbische Themen verankert sind. <\/li>\n\n\n\n<li>Queere Frauen sind im AB*ST*QR willkommen, da wir unabh\u00e4ngig von Geschlecht keine queere Person ausschlie\u00dfen. <\/li>\n<\/ul>\n\n\n\n<p><strong>Muss ich an der JLU eingeschrieben sein um beim AB*ST*QR mitzumachen?&nbsp;<\/strong><\/p>\n\n\n\n<ul class=\"wp-block-list\">\n<li>Zur Referenti-Wahl sind nur eingeschriebene Studierende der JLU wahlberechtigt, da das AB*ST*QR Teil des Allgemeinen Studierendenausschusses (AStA) ist.&nbsp;<\/li>\n\n\n\n<li>Wir freuen uns aber \u00fcber jede queere Person, die Kontakt zu uns aufnimmt, an Veranstaltungen teilnehmen oder mitgestalten m\u00f6chte! Filmabende, Tea Times, Kreativaktionen und Leserunden sollen ein sicherer Raum f\u00fcr LGBTQIA+ Personen sein. Hier k\u00f6nnt ihr ganz ihr selbst sein, niemand muss sich verstellen.<\/li>\n\n\n\n<li>In den Plena sind (auch nicht-queere) G\u00e4ste, die ein Anliegen mit uns teilen m\u00f6chten, immer herzlich willkommen: Ihr habt eine Initiative die bei einem Event mit uns kooperieren m\u00f6chte? Du suchst das Input queerer Studis zu Fragen der Diskriminierung oder Repr\u00e4sentation queerer Menschen? Du hast eine Idee f\u00fcr eine LGBTQIA+ Veranstaltung? Schreib uns gerne an, komm in unsere Sprechstunde oder in unser Plenum.<\/li>\n<\/ul>\n\n\n\n<p><strong>Was, wenn ich nicht \u201cqueer genug\u201d bin? Ich kenne mich gar nicht so gut mit LGBTQIA+ aus?&nbsp;<\/strong><\/p>\n\n\n\n<ul class=\"wp-block-list\">\n<li>Wenn du dich fragst ob du queer sein k\u00f6nntest, bist du bei uns herzlich willkommen.<\/li>\n\n\n\n<li>Wenn du dich als queer identifizierst, ebenfalls! Egal, ob du dein genaues Label schon gefunden hast oder nicht.&nbsp;<\/li>\n\n\n\n<li>Im AB*ST*QR-Raum findest du B\u00fccher, Filme und Brosch\u00fcren zu queeren Themen sowie queere Menschen, die ebenfalls einen Selbstfindungs- und Coming-Out-Prozess hinter sich haben oder gerade durchleben. Du bist nicht allein!<\/li>\n<\/ul>\n\n\n\n<p><strong>Was machen die Referentis?&nbsp;<\/strong><\/p>\n\n\n\n<ul class=\"wp-block-list\">\n<li>Wir sind Mitglied im AStA und haben dort als AB*ST*QR Stimmrecht (eine Stimme f\u00fcr das gesamte Referat). In AStA-Sitzungen k\u00f6nnen wir \u00fcber Antr\u00e4ge mit abstimmen oder eigene Themen einbringen.&nbsp;<\/li>\n\n\n\n<li>Wir leiten die Sitzungen des Plenums und organisieren Veranstaltungen nach euren W\u00fcnschen<\/li>\n\n\n\n<li>Wir pflegen die Kommunikationskan\u00e4le des AB*ST*QR (Social Media, Website, Emails)<\/li>\n\n\n\n<li>Wir beraten bei queeren Themen an der JLU und setzen uns f\u00fcr den Abbau von Diskriminierung ein. Dabei stehen wir sowohl f\u00fcr Studierende zur Verf\u00fcgung, als auch f\u00fcr Gremien und Angeh\u00f6rige der JLU, die das Input queerer Studierender suchen.<\/li>\n\n\n\n<li>Wir nehmen als Vertreter*innen der queeren JLU-Studis nicht nur an AStA-Sitzungen, sondern auch an Vernetzungs- und Planungstreffen verschiedener queerer B\u00fcndnisse im Gie\u00dfener Raum teil<\/li>\n\n\n\n<li>In allen unseren Handlungen sind wir an die Entscheidungen des AB*ST*QR-Plenums gebunden. Nicht wir sagen euch was ihr tun sollt, sondern ihr uns.&nbsp;<\/li>\n<\/ul>\n\n\n\n<p><strong>Was macht das Plenum?&nbsp;<\/strong><\/p>\n\n\n\n<ul class=\"wp-block-list\">\n<li>Im Plenum teilen wir Ideen, besprechen aktuelle Projekte, Pl\u00e4ne und Aufgaben.&nbsp;<\/li>\n\n\n\n<li>Die Referentis informieren euch in Plenumssitzungen \u00fcber Neuigkeiten aus dem AStA, der JLU, Gespr\u00e4chen mit anderen Stellen etc.<\/li>\n\n\n\n<li>Wir treffen Entscheidungen per Abstimmung &#8211; meistens sprechen wir uns aus, bis wir einen Konsens gefunden haben.<\/li>\n<\/ul>\n\n\n\n<p><strong>Was passiert sonst in eurem Safer Space?\u00a0<\/strong><\/p>\n\n\n\n<ul class=\"wp-block-list\">\n<li>Welche Veranstaltungen neben Wahl-Vollversammlung und Plena noch angeboten werden, h\u00e4ngt sowohl von den aktuellen Referentis als auch von den Interessierten ab! Du kannst aktiv mitgestalten.<\/li>\n\n\n\n<li>In der Vergangenheit gab es regelm\u00e4\u00dfig Filmabende, Tea Times, Diskussionsrunden, Lesekreise und kreative Aktionen, auch Spieleabende, Workshops oder Schreibtreffs sind denkbar. Hast du andere Ideen? Dann melde dich gerne bei uns und wir schauen, was wir wann in die Tat umsetzen k\u00f6nnen.&nbsp;<\/li>\n\n\n\n<li>Das aktuelle Programm findest du <a href=\"https:\/\/www.abstqr-giessen.de\/?page_id=11\" data-type=\"page\" data-id=\"11\">hier<\/a>. Komm gerne vorbei, wir freuen uns!<\/li>\n<\/ul>\n","protected":false},"excerpt":{"rendered":"<p>Aufgaben und Ziele des AB*ST*QR Als Referat des AStA der JLU sind die gew\u00e4hlten AB*ST*QR-Referent*innen die Interessenvertretung der queeren Studierenden. Wir stehen als Ansprechpersonen zur Verf\u00fcgung wenn es darum geht, Diskriminierung aufgrund von Geschlechtsidentit\u00e4t oder sexueller Orientierung an der JLU abzubauen. Dar\u00fcber hinaus wollen wir einen sicheren Raum f\u00fcr queere Menschen bieten. Jede queere Person [&hellip;]<\/p>\n","protected":false},"author":2,"featured_media":0,"parent":0,"menu_order":3,"comment_status":"open","ping_status":"open","template":"","meta":{"footnotes":""},"class_list":["post-14","page","type-page","status-publish","hentry"],"_links":{"self":[{"href":"https:\/\/www.abstqr-giessen.de\/index.php?rest_route=\/wp\/v2\/pages\/14","targetHints":{"allow":["GET"]}}],"collection":[{"href":"https:\/\/www.abstqr-giessen.de\/index.php?rest_route=\/wp\/v2\/pages"}],"about":[{"href":"https:\/\/www.abstqr-giessen.de\/index.php?rest_route=\/wp\/v2\/types\/page"}],"author":[{"embeddable":true,"href":"https:\/\/www.abstqr-giessen.de\/index.php?rest_route=\/wp\/v2\/users\/2"}],"replies":[{"embeddable":true,"href":"https:\/\/www.abstqr-giessen.de\/index.php?rest_route=%2Fwp%2Fv2%2Fcomments&post=14"}],"version-history":[{"count":31,"href":"https:\/\/www.abstqr-giessen.de\/index.php?rest_route=\/wp\/v2\/pages\/14\/revisions"}],"predecessor-version":[{"id":1377,"href":"https:\/\/www.abstqr-giessen.de\/index.php?rest_route=\/wp\/v2\/pages\/14\/revisions\/1377"}],"wp:attachment":[{"href":"https:\/\/www.abstqr-giessen.de\/index.php?rest_route=%2Fwp%2Fv2%2Fmedia&parent=14"}],"curies":[{"name":"wp","href":"https:\/\/api.w.org\/{rel}","templated":true}]}}

Über das AB*ST*QR / FAQ

<p class="has-large-font-size"><strong>Aufgaben und Ziele des AB*ST*QR</strong></p>



<p>Als <strong>Referat des <a href="http://www.asta-giessen.de">AStA</a> </strong>der <a href="http://www.uni-giessen.de">JLU</a> sind die gewählten AB*ST*QR-Referent*innen die Interessenvertretung der queeren Studierenden. Wir stehen als Ansprechpersonen zur Verfügung wenn es darum geht, Diskriminierung aufgrund von Geschlechtsidentität oder sexueller Orientierung an der JLU abzubauen.</p>



<p>Darüber hinaus wollen wir einen <strong>sicheren Raum für queere Menschen</strong> bieten. Jede queere Person ist eingeladen, sich einzubringen: egal ob homo, bi oder pan, im aromantischen oder asexuellen Spektrum, trans*, nichtbinär, inter* oder nicht ganz sicher was genau! Kommt zu unseren Veranstaltungen, bringt gerne eigene Ideen und Denkanstöße mit.&nbsp;</p>



<p>Wir möchten besonders Rücksicht nehmen auf Menschen, die neben ihrer Queerness <strong>intersektional </strong>von verschiedenen Diskriminierungen betroffen sind, z.B. von Rassismus oder Ableismus. Daher freuen wir uns über eure Verbesserungsvorschläge in dieser Hinsicht.</p>



<p>Gemeinsam wollen wir für Selbstbestimmung, Emanzipation und gegen diskriminierende Normen und Zustände aktiv werden.</p>



<div class=""><strong>Sprechstunde</strong></div>



<p>Aktuell gibt es keine festen Sprechzeiten. <a href="https://www.abstqr-giessen.de/?page_id=16" data-type="page" data-id="16">Schreib uns</a> gerne, wenn Du Gesprächsbedarf hast oder uns einfach kennenlernen möchtest.</p>



<div class="">
<div id="magicdomid28" class=""><span class="author-a-cttz73zgappcz87zfz86zz81zuz66za">Wo:&nbsp; &nbsp;&nbsp; Goethestraße 55 Gießen, Eingang über den Parkplatz hinter</span></div>
<div class=""><span class="author-a-cttz73zgappcz87zfz86zz81zuz66za">&nbsp;&nbsp;&nbsp;&nbsp;&nbsp;&nbsp;&nbsp;&nbsp;&nbsp; &nbsp; dem Uni-Hauptgebäude</span></div>
<div class="">&nbsp;</div>
<div class="">&nbsp;</div>
</div>



<div class="">
<div class=""><strong>Emailadresse</strong></div>
<div class="">kontakt@abstqr-giessen.de</div>
</div>



<div class="">Wir sind bei Fragen für euch da und nehmen euch bei Interesse gerne in unserem Mailverteiler auf &#8211; schreibt uns einfach an!</div>



<div class="">&nbsp;</div>



<div class=""><strong>Soziale Medien<br></strong></div>



<div class="">
<div>Hier findet ihr Veranstaltungshinweise, Einladungen zu Plena und weiteres:</div>
<div><a href="https://www.instagram.com/abstqr_giessen/">https://www.instagram.com/abstqr_giessen/</a></div>
<div id="magicdomid34" class=""><span class="author-a-cttz73zgappcz87zfz86zz81zuz66za url"><a href="https://www.facebook.com/STQRGiessen/">https://www.facebook.com/STQRGiessen/</a></span></div>
<div><a href="https://studip.uni-giessen.de/">Stud.IP</a> der JLU: Studiengruppe &#8222;AB*ST*QR&#8220;</div>
<div>&nbsp;</div>
<div>&nbsp;</div>
</div>



<p class="has-large-font-size"><strong>FAQ</strong></p>



<p><strong>Was genau ist das AB*ST*QR?&nbsp;</strong></p>



<ul class="wp-block-list">
<li>AB*ST*QR steht für “<strong>A</strong>utonomes <strong>B</strong>i*-<strong>S</strong>chwulen*-<strong>T</strong>rans*-<strong>Q</strong>ueer-<strong>R</strong>eferat”&nbsp;</li>



<li>Das AB*ST*QR besteht aus drei Teilen:
<ul class="wp-block-list">
<li>(1) von queeren studierenden gewählte Vertreter*innen <strong>(Referentis)</strong></li>



<li>(2) allen, die mitmachen möchten <strong>(Plenum)</strong></li>



<li>(3) einem sicheren Raum für queere Menschen und solche, die sich fragen ob sie queer sein könnten <strong>(Referatsraum/ Safer Space)</strong></li>
</ul>
</li>
</ul>



<p><strong>In eurem Namen ist kein L. Habt ihr was gegen Lesben?</strong></p>



<ul class="wp-block-list">
<li>Nein, wir haben nichts gegen Lesben! Das liegt daran, dass es im AStA der JLU zwei queere Referate mit unterschiedlicher Schwerpunktsetzung gibt: Neben dem AB*ST*QR, das aus dem ehemaligen Schwulenreferat hervorgegangen ist, gibt es auch das Queerfeministische Frauen||Referat (QFF||R), bei dem traditionell neben der allgemeinen Gleichstellung von Frauen auch lesbische Themen verankert sind. </li>



<li>Queere Frauen sind im AB*ST*QR willkommen, da wir unabhängig von Geschlecht keine queere Person ausschließen. </li>
</ul>



<p><strong>Muss ich an der JLU eingeschrieben sein um beim AB*ST*QR mitzumachen?&nbsp;</strong></p>



<ul class="wp-block-list">
<li>Zur Referenti-Wahl sind nur eingeschriebene Studierende der JLU wahlberechtigt, da das AB*ST*QR Teil des Allgemeinen Studierendenausschusses (AStA) ist.&nbsp;</li>



<li>Wir freuen uns aber über jede queere Person, die Kontakt zu uns aufnimmt, an Veranstaltungen teilnehmen oder mitgestalten möchte! Filmabende, Tea Times, Kreativaktionen und Leserunden sollen ein sicherer Raum für LGBTQIA+ Personen sein. Hier könnt ihr ganz ihr selbst sein, niemand muss sich verstellen.</li>



<li>In den Plena sind (auch nicht-queere) Gäste, die ein Anliegen mit uns teilen möchten, immer herzlich willkommen: Ihr habt eine Initiative die bei einem Event mit uns kooperieren möchte? Du suchst das Input queerer Studis zu Fragen der Diskriminierung oder Repräsentation queerer Menschen? Du hast eine Idee für eine LGBTQIA+ Veranstaltung? Schreib uns gerne an, komm in unsere Sprechstunde oder in unser Plenum.</li>
</ul>



<p><strong>Was, wenn ich nicht “queer genug” bin? Ich kenne mich gar nicht so gut mit LGBTQIA+ aus?&nbsp;</strong></p>



<ul class="wp-block-list">
<li>Wenn du dich fragst ob du queer sein könntest, bist du bei uns herzlich willkommen.</li>



<li>Wenn du dich als queer identifizierst, ebenfalls! Egal, ob du dein genaues Label schon gefunden hast oder nicht.&nbsp;</li>



<li>Im AB*ST*QR-Raum findest du Bücher, Filme und Broschüren zu queeren Themen sowie queere Menschen, die ebenfalls einen Selbstfindungs- und Coming-Out-Prozess hinter sich haben oder gerade durchleben. Du bist nicht allein!</li>
</ul>



<p><strong>Was machen die Referentis?&nbsp;</strong></p>



<ul class="wp-block-list">
<li>Wir sind Mitglied im AStA und haben dort als AB*ST*QR Stimmrecht (eine Stimme für das gesamte Referat). In AStA-Sitzungen können wir über Anträge mit abstimmen oder eigene Themen einbringen.&nbsp;</li>



<li>Wir leiten die Sitzungen des Plenums und organisieren Veranstaltungen nach euren Wünschen</li>



<li>Wir pflegen die Kommunikationskanäle des AB*ST*QR (Social Media, Website, Emails)</li>



<li>Wir beraten bei queeren Themen an der JLU und setzen uns für den Abbau von Diskriminierung ein. Dabei stehen wir sowohl für Studierende zur Verfügung, als auch für Gremien und Angehörige der JLU, die das Input queerer Studierender suchen.</li>



<li>Wir nehmen als Vertreter*innen der queeren JLU-Studis nicht nur an AStA-Sitzungen, sondern auch an Vernetzungs- und Planungstreffen verschiedener queerer Bündnisse im Gießener Raum teil</li>



<li>In allen unseren Handlungen sind wir an die Entscheidungen des AB*ST*QR-Plenums gebunden. Nicht wir sagen euch was ihr tun sollt, sondern ihr uns.&nbsp;</li>
</ul>



<p><strong>Was macht das Plenum?&nbsp;</strong></p>



<ul class="wp-block-list">
<li>Im Plenum teilen wir Ideen, besprechen aktuelle Projekte, Pläne und Aufgaben.&nbsp;</li>



<li>Die Referentis informieren euch in Plenumssitzungen über Neuigkeiten aus dem AStA, der JLU, Gesprächen mit anderen Stellen etc.</li>



<li>Wir treffen Entscheidungen per Abstimmung &#8211; meistens sprechen wir uns aus, bis wir einen Konsens gefunden haben.</li>
</ul>



<p><strong>Was passiert sonst in eurem Safer Space? </strong></p>



<ul class="wp-block-list">
<li>Welche Veranstaltungen neben Wahl-Vollversammlung und Plena noch angeboten werden, hängt sowohl von den aktuellen Referentis als auch von den Interessierten ab! Du kannst aktiv mitgestalten.</li>



<li>In der Vergangenheit gab es regelmäßig Filmabende, Tea Times, Diskussionsrunden, Lesekreise und kreative Aktionen, auch Spieleabende, Workshops oder Schreibtreffs sind denkbar. Hast du andere Ideen? Dann melde dich gerne bei uns und wir schauen, was wir wann in die Tat umsetzen können.&nbsp;</li>



<li>Das aktuelle Programm findest du <a href="https://www.abstqr-giessen.de/?page_id=11" data-type="page" data-id="11">hier</a>. Komm gerne vorbei, wir freuen uns!</li>
</ul>

<p>Aufgaben und Ziele des AB*ST*QR Als Referat des AStA der JLU sind die gewählten AB*ST*QR-Referent*innen die Interessenvertretung der queeren Studierenden. Wir stehen als Ansprechpersonen zur Verfügung wenn es darum geht, Diskriminierung aufgrund von Geschlechtsidentität oder sexueller Orientierung an der JLU abzubauen. Darüber hinaus wollen wir einen sicheren Raum für queere Menschen bieten. Jede queere Person [&hellip;]</p>
