{"id":16,"date":"2012-12-14T15:12:17","date_gmt":"2012-12-14T13:12:17","guid":{"rendered":"http:\/\/www.schwulenreferat-gi.de\/schwulenreferat-gi.deBlog\/wordpress\/?page_id=16"},"modified":"2025-07-01T09:43:02","modified_gmt":"2025-07-01T08:43:02","slug":"kontakt","status":"publish","type":"page","link":"https:\/\/www.abstqr-giessen.de\/?page_id=16","title":{"rendered":"Kontakt"},"content":{"rendered":"\n<p><strong>Adresse der R\u00e4umlichkeiten<\/strong> \/ address of our room<\/p>\n\n\n\n<p>Goethestra\u00dfe 55, 35390 Gie\u00dfen<\/p>\n\n\n\n<p>Unser Raum ist erreichbar \u00fcber den Mitarbeiterparkplatz hinter dem Uni-Hauptgeb\u00e4ude, durch die linke lila T\u00fcr in der N\u00e4he des Parkscheinautomaten. Wenn diese verschlossen ist, klopft einfach am Fenster mit der Regenbogenflagge und wir machen euch auf.<\/p>\n\n\n\n<p>Hinweis Barrierearmut: Am Eingang sind leider 2 Stufen zu \u00fcberwinden \u2013 wir haben zwar eine mobile Rampe, die ist aber zu steil und rutschig um sie alleine im Rollstuhl zu befahren. Nutzt sie daher bitte vorsichtig. Wenn ihr Hilfe ben\u00f6tigt oder mit dem Auto kommt, meldet euch bitte bei uns. Auf unserem Stockwerk gibt es eine barrierearme Unisex-Toilette.<\/p>\n\n\n\n<p><strong>Postanschrift<\/strong> \/ mail address<br>Autonomes Bi*-Schwulen-Trans*-Queer-Referat im AStA der Uni Gie\u00dfen<br>Otto-Behaghel-Str. 25d<br>35394 Gie\u00dfen<\/p>\n\n\n\n<p><strong>Emailadresse<\/strong> \/ email<\/p>\n\n\n\n<p>kontakt@abstqr-giessen.de<\/p>\n\n\n\n<p><strong>Soziale Medien<\/strong>\/ social media<\/p>\n\n\n\n<p>instagram: <a href=\"https:\/\/www.instagram.com\/abstqr_giessen\/\">abstqr_giessen<\/a><\/p>\n\n\n\n<p>facebook: <a href=\"https:\/\/www.facebook.com\/ABSTQRGiessen\/\">ABSTQRGiessen<\/a><\/p>\n\n\n\n<p>stud.IP der JLU: Studiengruppe &#8222;<a href=\"https:\/\/studip.uni-giessen.de\/dispatch.php\/course\/studygroup\/details\/daa2603f84c23f5119b12ae41afc7878?again=yes\">AB*ST*QR<\/a>&#8222;<\/p>\n\n\n\n<p>Dort nicht angemeldet? Wir finden eine andere M\u00f6glichkeit, wenn du zeitnah \u00fcber unsere Aktivit\u00e4ten informiert werden m\u00f6chtest.<\/p>\n\n\n\n<p>Z.B. kannst Du eine E-Mail mit dem Betreff \u201eVerteiler_in\u201c an kontakt@abstqr-giessen.de schicken. Dann setzen wir dich auf unsere Verteilerin, \u00fcber die wir zu Plena und Veranstaltungen einladen und \u00fcber neue Entwicklungen und Entscheidungen aus den Plena informieren.<\/p>\n\n\n\n<p><\/p>\n","protected":false},"excerpt":{"rendered":"<p>Adresse der R\u00e4umlichkeiten \/ address of our room Goethestra\u00dfe 55, 35390 Gie\u00dfen Unser Raum ist erreichbar \u00fcber den Mitarbeiterparkplatz hinter dem Uni-Hauptgeb\u00e4ude, durch die linke lila T\u00fcr in der N\u00e4he des Parkscheinautomaten. Wenn diese verschlossen ist, klopft einfach am Fenster mit der Regenbogenflagge und wir machen euch auf. Hinweis Barrierearmut: Am Eingang sind leider 2 [&hellip;]<\/p>\n","protected":false},"author":2,"featured_media":0,"parent":0,"menu_order":4,"comment_status":"open","ping_status":"open","template":"","meta":{"footnotes":""},"class_list":["post-16","page","type-page","status-publish","hentry"],"_links":{"self":[{"href":"https:\/\/www.abstqr-giessen.de\/index.php?rest_route=\/wp\/v2\/pages\/16","targetHints":{"allow":["GET"]}}],"collection":[{"href":"https:\/\/www.abstqr-giessen.de\/index.php?rest_route=\/wp\/v2\/pages"}],"about":[{"href":"https:\/\/www.abstqr-giessen.de\/index.php?rest_route=\/wp\/v2\/types\/page"}],"author":[{"embeddable":true,"href":"https:\/\/www.abstqr-giessen.de\/index.php?rest_route=\/wp\/v2\/users\/2"}],"replies":[{"embeddable":true,"href":"https:\/\/www.abstqr-giessen.de\/index.php?rest_route=%2Fwp%2Fv2%2Fcomments&post=16"}],"version-history":[{"count":19,"href":"https:\/\/www.abstqr-giessen.de\/index.php?rest_route=\/wp\/v2\/pages\/16\/revisions"}],"predecessor-version":[{"id":1319,"href":"https:\/\/www.abstqr-giessen.de\/index.php?rest_route=\/wp\/v2\/pages\/16\/revisions\/1319"}],"wp:attachment":[{"href":"https:\/\/www.abstqr-giessen.de\/index.php?rest_route=%2Fwp%2Fv2%2Fmedia&parent=16"}],"curies":[{"name":"wp","href":"https:\/\/api.w.org\/{rel}","templated":true}]}}