{"id":31,"date":"2012-12-14T15:17:52","date_gmt":"2012-12-14T13:17:52","guid":{"rendered":"http:\/\/www.schwulenreferat-gi.de\/schwulenreferat-gi.deBlog\/wordpress\/?page_id=31"},"modified":"2024-06-07T07:56:22","modified_gmt":"2024-06-07T06:56:22","slug":"trans-tagung","status":"publish","type":"page","link":"https:\/\/www.abstqr-giessen.de\/?page_id=31","title":{"rendered":"Trans*-Tagung"},"content":{"rendered":"<p>Die erste Trans*-Tagung Gie\u00dfen fand vom 17.-19.02.2012 im DGB-Dachsaal, im Caf\u00e9 Am\u00e9lie und in der AIDS-Hilfe Gie\u00dfen statt. Sie richtete sich an alle Trans*-Personen, sowie deren Angeh\u00f6rige, Freund_innen und am Thema interessierte Menschen. Das Autonome Schwulen-Trans*-Queer-Referat im AStA der JLU Gie\u00dfen veranstaltete die Tagung unter dem Motto &#8222;Trans*-Kultur&#8220;.<\/p>\n<p>Auch 2013 soll es wieder eine Tagung geben. Diese wird vom 04.-07.04.2013 stattfinden. Weitere Informationen folgen 2013.<\/p>\n<p>Der Link zur offiziellen Webseite der Trans*-Tagung Gie\u00dfen: <a href=\"http:\/\/www.transtagung-giessen.de\" title=\"www.transtagung-giessen.de\">www.transtagung-giessen.de<\/a><\/p>\n<p><a href=\"http:\/\/www.schwulenreferat-gi.de\/schwulenreferat-gi.deBlog\/wordpress\/?attachment_id=112\" rel=\"attachment wp-att-112\"><img loading=\"lazy\" decoding=\"async\" src=\"http:\/\/www.schwulenreferat-gi.de\/wp-content\/uploads\/2012\/12\/plakat-212x300.png\" alt=\"plakat\" width=\"212\" height=\"300\" class=\"alignnone size-medium wp-image-112\" srcset=\"https:\/\/www.abstqr-giessen.de\/wp-content\/uploads\/2012\/12\/plakat-212x300.png 212w, https:\/\/www.abstqr-giessen.de\/wp-content\/uploads\/2012\/12\/plakat.png 400w\" sizes=\"auto, (max-width: 212px) 100vw, 212px\" \/><\/a><\/p>\n","protected":false},"excerpt":{"rendered":"<p>Die erste Trans*-Tagung Gie\u00dfen fand vom 17.-19.02.2012 im DGB-Dachsaal, im Caf\u00e9 Am\u00e9lie und in der AIDS-Hilfe Gie\u00dfen statt. Sie richtete sich an alle Trans*-Personen, sowie deren Angeh\u00f6rige, Freund_innen und am Thema interessierte Menschen. Das Autonome Schwulen-Trans*-Queer-Referat im AStA der JLU Gie\u00dfen veranstaltete die Tagung unter dem Motto &#8222;Trans*-Kultur&#8220;. Auch 2013 soll es wieder eine Tagung [&hellip;]<\/p>\n","protected":false},"author":2,"featured_media":0,"parent":1178,"menu_order":0,"comment_status":"open","ping_status":"open","template":"","meta":{"footnotes":""},"class_list":["post-31","page","type-page","status-publish","hentry"],"_links":{"self":[{"href":"https:\/\/www.abstqr-giessen.de\/index.php?rest_route=\/wp\/v2\/pages\/31","targetHints":{"allow":["GET"]}}],"collection":[{"href":"https:\/\/www.abstqr-giessen.de\/index.php?rest_route=\/wp\/v2\/pages"}],"about":[{"href":"https:\/\/www.abstqr-giessen.de\/index.php?rest_route=\/wp\/v2\/types\/page"}],"author":[{"embeddable":true,"href":"https:\/\/www.abstqr-giessen.de\/index.php?rest_route=\/wp\/v2\/users\/2"}],"replies":[{"embeddable":true,"href":"https:\/\/www.abstqr-giessen.de\/index.php?rest_route=%2Fwp%2Fv2%2Fcomments&post=31"}],"version-history":[{"count":6,"href":"https:\/\/www.abstqr-giessen.de\/index.php?rest_route=\/wp\/v2\/pages\/31\/revisions"}],"predecessor-version":[{"id":1181,"href":"https:\/\/www.abstqr-giessen.de\/index.php?rest_route=\/wp\/v2\/pages\/31\/revisions\/1181"}],"up":[{"embeddable":true,"href":"https:\/\/www.abstqr-giessen.de\/index.php?rest_route=\/wp\/v2\/pages\/1178"}],"wp:attachment":[{"href":"https:\/\/www.abstqr-giessen.de\/index.php?rest_route=%2Fwp%2Fv2%2Fmedia&parent=31"}],"curies":[{"name":"wp","href":"https:\/\/api.w.org\/{rel}","templated":true}]}}

<p>Die erste Trans*-Tagung Gießen fand vom 17.-19.02.2012 im DGB-Dachsaal, im Café Amélie und in der AIDS-Hilfe Gießen statt. Sie richtete sich an alle Trans*-Personen, sowie deren Angehörige, Freund_innen und am Thema interessierte Menschen. Das Autonome Schwulen-Trans*-Queer-Referat im AStA der JLU Gießen veranstaltete die Tagung unter dem Motto &#8222;Trans*-Kultur&#8220;.</p>
<p>Auch 2013 soll es wieder eine Tagung geben. Diese wird vom 04.-07.04.2013 stattfinden. Weitere Informationen folgen 2013.</p>
<p>Der Link zur offiziellen Webseite der Trans*-Tagung Gießen: <a href="http://www.transtagung-giessen.de" title="www.transtagung-giessen.de">www.transtagung-giessen.de</a></p>
<p><a href="http://www.schwulenreferat-gi.de/schwulenreferat-gi.deBlog/wordpress/?attachment_id=112" rel="attachment wp-att-112"><img loading="lazy" decoding="async" src="http://www.schwulenreferat-gi.de/wp-content/uploads/2012/12/plakat-212x300.png" alt="plakat" width="212" height="300" class="alignnone size-medium wp-image-112" srcset="https://www.abstqr-giessen.de/wp-content/uploads/2012/12/plakat-212x300.png 212w, https://www.abstqr-giessen.de/wp-content/uploads/2012/12/plakat.png 400w" sizes="auto, (max-width: 212px) 100vw, 212px" /></a></p>

<p>Die erste Trans*-Tagung Gießen fand vom 17.-19.02.2012 im DGB-Dachsaal, im Café Amélie und in der AIDS-Hilfe Gießen statt. Sie richtete sich an alle Trans*-Personen, sowie deren Angehörige, Freund_innen und am Thema interessierte Menschen. Das Autonome Schwulen-Trans*-Queer-Referat im AStA der JLU Gießen veranstaltete die Tagung unter dem Motto &#8222;Trans*-Kultur&#8220;. Auch 2013 soll es wieder eine Tagung [&hellip;]</p>
