{"id":362,"date":"2013-01-11T21:26:25","date_gmt":"2013-01-11T20:26:25","guid":{"rendered":"http:\/\/www.schwulenreferat-gi.de\/?page_id=362"},"modified":"2014-07-16T19:42:56","modified_gmt":"2014-07-16T18:42:56","slug":"wintersemester-201112","status":"publish","type":"page","link":"https:\/\/www.abstqr-giessen.de\/?page_id=362","title":{"rendered":"Wintersemester 2011\/12"},"content":{"rendered":"<p>17-19.02.2012 \u2013 Die &lt;b&gt;1.Trans*-Tagung in Gie\u00dfen&lt;\/b&gt;. Informationen auf &lt;a href=&#8220;http:\/\/www.transtagung-giessen.de&#8220; target=&#8220;_blank&#8220;&gt;&lt;b&gt;www.transtagung-giessen.de&lt;\/b&gt;&lt;\/a&gt;<\/p>\n<p>03.02.2012 \u2013 Filmabend im Gartenhaus: Persepolis<\/p>\n<p>30.01.2012 \u2013 Vortrag: &lt;b&gt;Dr. Heiko Motschenbacher: Queer Explorations in Language and Linguistics&lt;\/b&gt;.<br \/>\nAb 19 Uhr im Margarete-Bieber-Saal, Ludwigstra\u00dfe 34, Gie\u00dfen. (Ca. 45 Besucher_innen)<\/p>\n<p>16.01.2012 \u2013 Vortrag: Steffen Kitty Herrmann: Verletzende Worte. Sprachliche Gewalt und sozialer Tod.<br \/>\nAb 19 Uhr im Margarete-Bieber-Saal, Ludwigstra\u00dfe 34, Gie\u00dfen. (Ca. 55 Besucher_innen)<\/p>\n<p>21.12.2011 \u2013 Filmabend zum Thema \u201eB\u00e4ren in der Schwulenszene\u201c. Wir zeigen den Film \u201eBearCity\u201c. Danach Gl\u00fchweinabend. Im Gartenhaus, ab 19 Uhr. (Ca. 50 Besucher_innen)<\/p>\n<p>19.12.2011 \u2013 Vortrag: Amantine: Gender und H\u00e4userkampf \u2013 Genderspezifische Aspekte und anti-patriarchale K\u00e4mpfe in den H\u00e4userbewegungen in der BRD und Westberlin.<br \/>\nAb 19 Uhr im Margarete-Bieber-Saal, Ludwigstra\u00dfe 34, Gie\u00dfen. (Ca. 55 Besucher_innen)<\/p>\n<p>05.12.2011 \u2013 Vortrag: Robin Bauer: \u201eIch glaube ich mag den Feminismus lieber als er mich mag\u201c \u2013 Auseinandersetzungen mit Geschlecht, Sexismus und Feminismus in queerem BDSM.<br \/>\nAb 19 Uhr im Margarete-Bieber-Saal, Ludwigstra\u00dfe 34, Gie\u00dfen. (Ca. 55 Besucher_innen)<\/p>\n<p>01.12.2011 \u2013 Mit der Aids-Hilfe Gie\u00dfen e.V. hatten wir vor der Mensa einen Stand um anl\u00e4sslich des Welt-Aids-Tages Spenden zu sammeln und Aufkl\u00e4rungsarbeit zu leisten.<\/p>\n<p>21.11.2011 \u2013 Vortrag: Nadine Lantzsch: Sind wir nicht alle Schlampen? Wenn sich Queer\/Feminismus und Malestream die H\u00e4nde reichen\u2026<br \/>\nAb 19 Uhr im Margarete-Bieber-Saal, Ludwigstra\u00dfe 34, Gie\u00dfen. (Ca. 45 Besucher_innen)<\/p>\n<p>11.11.2011 \u2013 Filmabend&amp;lt; zum Thema &#8222;Feministische Pornographie&#8220;. Wir zeigten den Film &#8222;Too Much Pussy &#8211; Feminist Sluts in the Queer X-Show&#8220;. Im Gartenhaus, ab 19 Uhr.<\/p>\n<p>07.11.2011 &#8211; Vortrag: Patsy l\u2018Amour laLove \/ Patrick Henze: Schwule Selbsterm\u00e4chtigung \u2013 M\u00e4nnlichkeit, Selbsthass, Politik.<br \/>\nAb 19 Uhr im Margarete-Bieber-Saal, Ludwigstra\u00dfe 34, Gie\u00dfen. (Ca. 55 Besucher_innen)<\/p>\n<p>24.10.2011 &#8211; Vortrag: Nadyne Stritzke: &#8218;Queer&#8216; &#8211; Adjektiv, Verb, Nomen &#8211; Das verque(e)re Potential eines Begriffs und seiner Geschichte.<br \/>\nUm 19.45 Uhr stellt sich der Arbeitskreis &#8222;queere Ringvorlesung vor. Um 20 Uhr beginnt dann der Vortrag von Nadyne Stritzke.<br \/>\nIm Margarete-Bieber-Saal, Ludwigstra\u00dfe 34, Gie\u00dfen. (70-80 Besucher_innen)<\/p>\n<p>16.10.2011 &#8211; Sonntag vor dem Semesteranfang: Brunch im Gartenhaus. Ab 12 Uhr. (16 Personen)<\/p>\n<p>02.10.2011 &#8211; &#8222;Schwule M\u00e4dchen Party&#8220; im AK44.<\/p>\n","protected":false},"excerpt":{"rendered":"<p>17-19.02.2012 \u2013 Die &lt;b&gt;1.Trans*-Tagung in Gie\u00dfen&lt;\/b&gt;. Informationen auf &lt;a href=&#8220;http:\/\/www.transtagung-giessen.de&#8220; target=&#8220;_blank&#8220;&gt;&lt;b&gt;www.transtagung-giessen.de&lt;\/b&gt;&lt;\/a&gt; 03.02.2012 \u2013 Filmabend im Gartenhaus: Persepolis 30.01.2012 \u2013 Vortrag: &lt;b&gt;Dr. Heiko Motschenbacher: Queer Explorations in Language and Linguistics&lt;\/b&gt;. Ab 19 Uhr im Margarete-Bieber-Saal, Ludwigstra\u00dfe 34, Gie\u00dfen. (Ca. 45 Besucher_innen) 16.01.2012 \u2013 Vortrag: Steffen Kitty Herrmann: Verletzende Worte. Sprachliche Gewalt und sozialer Tod. Ab 19 [&hellip;]<\/p>\n","protected":false},"author":2,"featured_media":0,"parent":11,"menu_order":5,"comment_status":"open","ping_status":"open","template":"","meta":{"footnotes":""},"class_list":["post-362","page","type-page","status-publish","hentry"],"_links":{"self":[{"href":"https:\/\/www.abstqr-giessen.de\/index.php?rest_route=\/wp\/v2\/pages\/362","targetHints":{"allow":["GET"]}}],"collection":[{"href":"https:\/\/www.abstqr-giessen.de\/index.php?rest_route=\/wp\/v2\/pages"}],"about":[{"href":"https:\/\/www.abstqr-giessen.de\/index.php?rest_route=\/wp\/v2\/types\/page"}],"author":[{"embeddable":true,"href":"https:\/\/www.abstqr-giessen.de\/index.php?rest_route=\/wp\/v2\/users\/2"}],"replies":[{"embeddable":true,"href":"https:\/\/www.abstqr-giessen.de\/index.php?rest_route=%2Fwp%2Fv2%2Fcomments&post=362"}],"version-history":[{"count":3,"href":"https:\/\/www.abstqr-giessen.de\/index.php?rest_route=\/wp\/v2\/pages\/362\/revisions"}],"predecessor-version":[{"id":864,"href":"https:\/\/www.abstqr-giessen.de\/index.php?rest_route=\/wp\/v2\/pages\/362\/revisions\/864"}],"up":[{"embeddable":true,"href":"https:\/\/www.abstqr-giessen.de\/index.php?rest_route=\/wp\/v2\/pages\/11"}],"wp:attachment":[{"href":"https:\/\/www.abstqr-giessen.de\/index.php?rest_route=%2Fwp%2Fv2%2Fmedia&parent=362"}],"curies":[{"name":"wp","href":"https:\/\/api.w.org\/{rel}","templated":true}]}}